{"id":203,"date":"2022-05-25T04:10:26","date_gmt":"2022-05-25T01:10:26","guid":{"rendered":"https:\/\/avngart.com\/vivavis\/?page_id=203"},"modified":"2023-05-09T21:13:11","modified_gmt":"2023-05-09T18:13:11","slug":"acos","status":"publish","type":"page","link":"https:\/\/avngart.com\/vivavis\/urunler\/acos\/","title":{"rendered":"ACOS RTU"},"content":{"rendered":"\n<div class=\"wp-block-getwid-content-slider alignfull has-arrows-none has-dots-none page-banner\" data-autoplay=\"true\" data-arrows=\"none\" data-dots=\"none\"><div class=\"wp-block-getwid-content-slider__wrapper\">\n<div class=\"wp-block-getwid-content-slider-slide\"><div class=\"wp-block-getwid-content-slider-slide__wrapper\">\n<div class=\"wp-block-cover alignfull mb-0 mt-0\" style=\"min-height:320px;aspect-ratio:unset;\"><span aria-hidden=\"true\" class=\"wp-block-cover__background has-background-dim-0 has-background-dim\"><\/span><img loading=\"lazy\" decoding=\"async\" width=\"2560\" height=\"470\" class=\"wp-block-cover__image-background wp-image-2009\" alt=\"\" src=\"https:\/\/avngart.com\/vivavis\/wp-content\/uploads\/2022\/08\/acos_rtu-y-scaled.jpg\" data-object-fit=\"cover\" srcset=\"https:\/\/avngart.com\/vivavis\/wp-content\/uploads\/2022\/08\/acos_rtu-y-scaled.jpg 2560w, https:\/\/avngart.com\/vivavis\/wp-content\/uploads\/2022\/08\/acos_rtu-y-300x55.jpg 300w, https:\/\/avngart.com\/vivavis\/wp-content\/uploads\/2022\/08\/acos_rtu-y-1024x188.jpg 1024w, https:\/\/avngart.com\/vivavis\/wp-content\/uploads\/2022\/08\/acos_rtu-y-768x141.jpg 768w, https:\/\/avngart.com\/vivavis\/wp-content\/uploads\/2022\/08\/acos_rtu-y-1536x282.jpg 1536w, https:\/\/avngart.com\/vivavis\/wp-content\/uploads\/2022\/08\/acos_rtu-y-2048x376.jpg 2048w, https:\/\/avngart.com\/vivavis\/wp-content\/uploads\/2022\/08\/acos_rtu-y-1200x220.jpg 1200w, https:\/\/avngart.com\/vivavis\/wp-content\/uploads\/2022\/08\/acos_rtu-y-1980x364.jpg 1980w\" sizes=\"auto, (max-width: 2560px) 100vw, 2560px\" \/><div class=\"wp-block-cover__inner-container is-layout-flow wp-block-cover-is-layout-flow\">\n<p class=\"bs1\">ACOS RTU<\/p>\n\n\n\n<p class=\"bs2\">Y\u00fcksek MTBF de\u011ferleri ile<\/p>\n\n\n\n<p class=\"bs3\">Otomasyon ve telemetride <strong>Kal\u0131c\u0131 \u00c7\u00f6z\u00fcmler<\/strong>\u2026<\/p>\n<\/div><\/div>\n<\/div><\/div>\n<\/div><\/div>\n\n\n\n<div class=\"wp-block-columns alignfull block-col-1 is-layout-flex wp-container-core-columns-is-layout-9d6595d7 wp-block-columns-is-layout-flex\">\n<div class=\"wp-block-column is-layout-flow wp-block-column-is-layout-flow\">\n<p>ACOS RTU veri toplama ve tesis otomasyonu \u00e7\u00f6z\u00fcm\u00fc. Mod\u00fcler yap\u0131s\u0131, esnek IO se\u00e7enekleri ve haberle\u015fme protokolleri ile ekonomik ve h\u0131zl\u0131 bir kurulum se\u00e7ece\u011fi sa\u011flar.<\/p>\n\n\n\n<p>ACOS platformu m\u00fchendislik ara\u00e7lar\u0131 ile b\u00fct\u00fcnl\u00fck sa\u011flayan donan\u0131m \u00e7\u00f6z\u00fcm\u00fcnde, yerel otomasyon veya SCADA altyap\u0131s\u0131 alt\u0131nda ihtiya\u00e7lar\u0131n\u0131z\u0131 kolayl\u0131kla kar\u015f\u0131lar.<\/p>\n\n\n\n<p>Tam mod\u00fcler yap\u0131s\u0131, geni\u015flemeye a\u00e7\u0131k mimarisi, haberle\u015fme \u015febekenin optimizasyonuna y\u00f6nelik geli\u015fmi\u015f fonksiyonlar\u0131,  y\u00fcksek MTBF de\u011ferleri ile kal\u0131c\u0131 \u00e7\u00f6z\u00fcm sa\u011flar.<\/p>\n<\/div>\n\n\n\n<div class=\"wp-block-column is-layout-flow wp-block-column-is-layout-flow\"><div class=\"wp-block-image grix\">\n<figure class=\"aligncenter size-full is-resized\"><a href=\"https:\/\/www.vivavis.com\/en\/products\/automation-and-telecontrol\/acos-7-series\/\" target=\"_blank\" rel=\"noreferrer noopener\"><img loading=\"lazy\" decoding=\"async\" src=\"https:\/\/avngart.com\/vivavis\/wp-content\/uploads\/2022\/08\/ACOS-RTU.png\" alt=\"\" class=\"wp-image-1372\" width=\"343\" height=\"191\" srcset=\"https:\/\/avngart.com\/vivavis\/wp-content\/uploads\/2022\/08\/ACOS-RTU.png 686w, https:\/\/avngart.com\/vivavis\/wp-content\/uploads\/2022\/08\/ACOS-RTU-300x167.png 300w\" sizes=\"auto, (max-width: 343px) 100vw, 343px\" \/><\/a><figcaption class=\"wp-element-caption\">Telemetry and Automation<\/figcaption><\/figure>\n<\/div><\/div>\n<\/div>\n","protected":false},"excerpt":{"rendered":"<p>ACOS RTU veri toplama ve tesis otomasyonu \u00e7\u00f6z\u00fcm\u00fc. Mod\u00fcler yap\u0131s\u0131, esnek IO se\u00e7enekleri ve haberle\u015fme protokolleri ile ekonomik ve h\u0131zl\u0131 bir kurulum se\u00e7ece\u011fi sa\u011flar. ACOS platformu m\u00fchendislik ara\u00e7lar\u0131 ile b\u00fct\u00fcnl\u00fck sa\u011flayan donan\u0131m \u00e7\u00f6z\u00fcm\u00fcnde, yerel otomasyon veya SCADA altyap\u0131s\u0131 alt\u0131nda ihtiya\u00e7lar\u0131n\u0131z\u0131 kolayl\u0131kla kar\u015f\u0131lar. Tam mod\u00fcler yap\u0131s\u0131, geni\u015flemeye a\u00e7\u0131k mimarisi, haberle\u015fme \u015febekenin optimizasyonuna y\u00f6nelik geli\u015fmi\u015f fonksiyonlar\u0131, y\u00fcksek<a class=\"read-more\" href=\"https:\/\/avngart.com\/vivavis\/urunler\/acos\/\"> [&#8230;]<\/a><\/p>\n","protected":false},"author":1,"featured_media":0,"parent":58,"menu_order":30,"comment_status":"closed","ping_status":"closed","template":"templates\/template-urunler.php","meta":{"_coblocks_attr":"","_coblocks_dimensions":"","_coblocks_responsive_height":"","_coblocks_accordion_ie_support":"","footnotes":""},"class_list":["post-203","page","type-page","status-publish","hentry"],"yoast_head":"<!-- This site is optimized with the Yoast SEO plugin v27.2 - https:\/\/yoast.com\/product\/yoast-seo-wordpress\/ -->\n<title>ACOS RTU - VIVAVIS T\u00fcrkiye<\/title>\n<meta name=\"robots\" content=\"index, follow, max-snippet:-1, max-image-preview:large, max-video-preview:-1\" \/>\n<link rel=\"canonical\" href=\"https:\/\/avngart.com\/vivavis\/urunler\/acos\/\" \/>\n<meta property=\"og:locale\" content=\"tr_TR\" \/>\n<meta property=\"og:type\" content=\"article\" \/>\n<meta property=\"og:title\" content=\"ACOS RTU - VIVAVIS T\u00fcrkiye\" \/>\n<meta property=\"og:description\" content=\"ACOS RTU veri toplama ve tesis otomasyonu \u00e7\u00f6z\u00fcm\u00fc. Mod\u00fcler yap\u0131s\u0131, esnek IO se\u00e7enekleri ve haberle\u015fme protokolleri ile ekonomik ve h\u0131zl\u0131 bir kurulum se\u00e7ece\u011fi sa\u011flar. ACOS platformu m\u00fchendislik ara\u00e7lar\u0131 ile b\u00fct\u00fcnl\u00fck sa\u011flayan donan\u0131m \u00e7\u00f6z\u00fcm\u00fcnde, yerel otomasyon veya SCADA altyap\u0131s\u0131 alt\u0131nda ihtiya\u00e7lar\u0131n\u0131z\u0131 kolayl\u0131kla kar\u015f\u0131lar. Tam mod\u00fcler yap\u0131s\u0131, geni\u015flemeye a\u00e7\u0131k mimarisi, haberle\u015fme \u015febekenin optimizasyonuna y\u00f6nelik geli\u015fmi\u015f fonksiyonlar\u0131, y\u00fcksek [...]\" \/>\n<meta property=\"og:url\" content=\"https:\/\/avngart.com\/vivavis\/urunler\/acos\/\" \/>\n<meta property=\"og:site_name\" content=\"VIVAVIS T\u00fcrkiye\" \/>\n<meta property=\"article:publisher\" content=\"https:\/\/www.facebook.com\/vivavisag\" \/>\n<meta property=\"article:modified_time\" content=\"2023-05-09T18:13:11+00:00\" \/>\n<meta property=\"og:image\" content=\"https:\/\/avngart.com\/vivavis\/wp-content\/uploads\/2022\/08\/acos_rtu-y-scaled.jpg\" \/>\n<meta name=\"twitter:card\" content=\"summary_large_image\" \/>\n<meta name=\"twitter:site\" content=\"@VIVAVIS_AG\" \/>\n<meta name=\"twitter:label1\" content=\"Tahmini okuma s\u00fcresi\" \/>\n\t<meta name=\"twitter:data1\" content=\"1 dakika\" \/>\n<script type=\"application\/ld+json\" class=\"yoast-schema-graph\">{\"@context\":\"https:\/\/schema.org\",\"@graph\":[{\"@type\":\"WebPage\",\"@id\":\"https:\/\/avngart.com\/vivavis\/urunler\/acos\/\",\"url\":\"https:\/\/avngart.com\/vivavis\/urunler\/acos\/\",\"name\":\"ACOS RTU - VIVAVIS T\u00fcrkiye\",\"isPartOf\":{\"@id\":\"https:\/\/avngart.com\/vivavis\/#website\"},\"primaryImageOfPage\":{\"@id\":\"https:\/\/avngart.com\/vivavis\/urunler\/acos\/#primaryimage\"},\"image\":{\"@id\":\"https:\/\/avngart.com\/vivavis\/urunler\/acos\/#primaryimage\"},\"thumbnailUrl\":\"https:\/\/avngart.com\/vivavis\/wp-content\/uploads\/2022\/08\/acos_rtu-y-scaled.jpg\",\"datePublished\":\"2022-05-25T01:10:26+00:00\",\"dateModified\":\"2023-05-09T18:13:11+00:00\",\"breadcrumb\":{\"@id\":\"https:\/\/avngart.com\/vivavis\/urunler\/acos\/#breadcrumb\"},\"inLanguage\":\"tr\",\"potentialAction\":[{\"@type\":\"ReadAction\",\"target\":[\"https:\/\/avngart.com\/vivavis\/urunler\/acos\/\"]}]},{\"@type\":\"ImageObject\",\"inLanguage\":\"tr\",\"@id\":\"https:\/\/avngart.com\/vivavis\/urunler\/acos\/#primaryimage\",\"url\":\"https:\/\/avngart.com\/vivavis\/wp-content\/uploads\/2022\/08\/acos_rtu-y-scaled.jpg\",\"contentUrl\":\"https:\/\/avngart.com\/vivavis\/wp-content\/uploads\/2022\/08\/acos_rtu-y-scaled.jpg\",\"width\":2560,\"height\":470},{\"@type\":\"BreadcrumbList\",\"@id\":\"https:\/\/avngart.com\/vivavis\/urunler\/acos\/#breadcrumb\",\"itemListElement\":[{\"@type\":\"ListItem\",\"position\":1,\"name\":\"Anasayfa\",\"item\":\"https:\/\/avngart.com\/vivavis\/\"},{\"@type\":\"ListItem\",\"position\":2,\"name\":\"\u00dcR\u00dcNLER\",\"item\":\"https:\/\/avngart.com\/vivavis\/urunler\/\"},{\"@type\":\"ListItem\",\"position\":3,\"name\":\"ACOS RTU\"}]},{\"@type\":\"WebSite\",\"@id\":\"https:\/\/avngart.com\/vivavis\/#website\",\"url\":\"https:\/\/avngart.com\/vivavis\/\",\"name\":\"VIVAVIS T\u00fcrkiye\",\"description\":\"Decoding the Future\",\"publisher\":{\"@id\":\"https:\/\/avngart.com\/vivavis\/#organization\"},\"potentialAction\":[{\"@type\":\"SearchAction\",\"target\":{\"@type\":\"EntryPoint\",\"urlTemplate\":\"https:\/\/avngart.com\/vivavis\/?s={search_term_string}\"},\"query-input\":{\"@type\":\"PropertyValueSpecification\",\"valueRequired\":true,\"valueName\":\"search_term_string\"}}],\"inLanguage\":\"tr\"},{\"@type\":\"Organization\",\"@id\":\"https:\/\/avngart.com\/vivavis\/#organization\",\"name\":\"VIVAVIS T\u00fcrkiye\",\"url\":\"https:\/\/avngart.com\/vivavis\/\",\"logo\":{\"@type\":\"ImageObject\",\"inLanguage\":\"tr\",\"@id\":\"https:\/\/avngart.com\/vivavis\/#\/schema\/logo\/image\/\",\"url\":\"https:\/\/avngart.com\/vivavis\/wp-content\/uploads\/2023\/08\/ids-68.svg\",\"contentUrl\":\"https:\/\/avngart.com\/vivavis\/wp-content\/uploads\/2023\/08\/ids-68.svg\",\"width\":1403,\"height\":512,\"caption\":\"VIVAVIS T\u00fcrkiye\"},\"image\":{\"@id\":\"https:\/\/avngart.com\/vivavis\/#\/schema\/logo\/image\/\"},\"sameAs\":[\"https:\/\/www.facebook.com\/vivavisag\",\"https:\/\/x.com\/VIVAVIS_AG\",\"https:\/\/www.instagram.com\/vivavis_ag\/\",\"https:\/\/tr.linkedin.com\/company\/ids-vivavis?trk=similar-pages\"]}]}<\/script>\n<!-- \/ Yoast SEO plugin. -->","yoast_head_json":{"title":"ACOS RTU - VIVAVIS T\u00fcrkiye","robots":{"index":"index","follow":"follow","max-snippet":"max-snippet:-1","max-image-preview":"max-image-preview:large","max-video-preview":"max-video-preview:-1"},"canonical":"https:\/\/avngart.com\/vivavis\/urunler\/acos\/","og_locale":"tr_TR","og_type":"article","og_title":"ACOS RTU - VIVAVIS T\u00fcrkiye","og_description":"ACOS RTU veri toplama ve tesis otomasyonu \u00e7\u00f6z\u00fcm\u00fc. Mod\u00fcler yap\u0131s\u0131, esnek IO se\u00e7enekleri ve haberle\u015fme protokolleri ile ekonomik ve h\u0131zl\u0131 bir kurulum se\u00e7ece\u011fi sa\u011flar. ACOS platformu m\u00fchendislik ara\u00e7lar\u0131 ile b\u00fct\u00fcnl\u00fck sa\u011flayan donan\u0131m \u00e7\u00f6z\u00fcm\u00fcnde, yerel otomasyon veya SCADA altyap\u0131s\u0131 alt\u0131nda ihtiya\u00e7lar\u0131n\u0131z\u0131 kolayl\u0131kla kar\u015f\u0131lar. Tam mod\u00fcler yap\u0131s\u0131, geni\u015flemeye a\u00e7\u0131k mimarisi, haberle\u015fme \u015febekenin optimizasyonuna y\u00f6nelik geli\u015fmi\u015f fonksiyonlar\u0131, y\u00fcksek [...]","og_url":"https:\/\/avngart.com\/vivavis\/urunler\/acos\/","og_site_name":"VIVAVIS T\u00fcrkiye","article_publisher":"https:\/\/www.facebook.com\/vivavisag","article_modified_time":"2023-05-09T18:13:11+00:00","og_image":[{"url":"https:\/\/avngart.com\/vivavis\/wp-content\/uploads\/2022\/08\/acos_rtu-y-scaled.jpg","type":"","width":"","height":""}],"twitter_card":"summary_large_image","twitter_site":"@VIVAVIS_AG","twitter_misc":{"Tahmini okuma s\u00fcresi":"1 dakika"},"schema":{"@context":"https:\/\/schema.org","@graph":[{"@type":"WebPage","@id":"https:\/\/avngart.com\/vivavis\/urunler\/acos\/","url":"https:\/\/avngart.com\/vivavis\/urunler\/acos\/","name":"ACOS RTU - VIVAVIS T\u00fcrkiye","isPartOf":{"@id":"https:\/\/avngart.com\/vivavis\/#website"},"primaryImageOfPage":{"@id":"https:\/\/avngart.com\/vivavis\/urunler\/acos\/#primaryimage"},"image":{"@id":"https:\/\/avngart.com\/vivavis\/urunler\/acos\/#primaryimage"},"thumbnailUrl":"https:\/\/avngart.com\/vivavis\/wp-content\/uploads\/2022\/08\/acos_rtu-y-scaled.jpg","datePublished":"2022-05-25T01:10:26+00:00","dateModified":"2023-05-09T18:13:11+00:00","breadcrumb":{"@id":"https:\/\/avngart.com\/vivavis\/urunler\/acos\/#breadcrumb"},"inLanguage":"tr","potentialAction":[{"@type":"ReadAction","target":["https:\/\/avngart.com\/vivavis\/urunler\/acos\/"]}]},{"@type":"ImageObject","inLanguage":"tr","@id":"https:\/\/avngart.com\/vivavis\/urunler\/acos\/#primaryimage","url":"https:\/\/avngart.com\/vivavis\/wp-content\/uploads\/2022\/08\/acos_rtu-y-scaled.jpg","contentUrl":"https:\/\/avngart.com\/vivavis\/wp-content\/uploads\/2022\/08\/acos_rtu-y-scaled.jpg","width":2560,"height":470},{"@type":"BreadcrumbList","@id":"https:\/\/avngart.com\/vivavis\/urunler\/acos\/#breadcrumb","itemListElement":[{"@type":"ListItem","position":1,"name":"Anasayfa","item":"https:\/\/avngart.com\/vivavis\/"},{"@type":"ListItem","position":2,"name":"\u00dcR\u00dcNLER","item":"https:\/\/avngart.com\/vivavis\/urunler\/"},{"@type":"ListItem","position":3,"name":"ACOS RTU"}]},{"@type":"WebSite","@id":"https:\/\/avngart.com\/vivavis\/#website","url":"https:\/\/avngart.com\/vivavis\/","name":"VIVAVIS T\u00fcrkiye","description":"Decoding the Future","publisher":{"@id":"https:\/\/avngart.com\/vivavis\/#organization"},"potentialAction":[{"@type":"SearchAction","target":{"@type":"EntryPoint","urlTemplate":"https:\/\/avngart.com\/vivavis\/?s={search_term_string}"},"query-input":{"@type":"PropertyValueSpecification","valueRequired":true,"valueName":"search_term_string"}}],"inLanguage":"tr"},{"@type":"Organization","@id":"https:\/\/avngart.com\/vivavis\/#organization","name":"VIVAVIS T\u00fcrkiye","url":"https:\/\/avngart.com\/vivavis\/","logo":{"@type":"ImageObject","inLanguage":"tr","@id":"https:\/\/avngart.com\/vivavis\/#\/schema\/logo\/image\/","url":"https:\/\/avngart.com\/vivavis\/wp-content\/uploads\/2023\/08\/ids-68.svg","contentUrl":"https:\/\/avngart.com\/vivavis\/wp-content\/uploads\/2023\/08\/ids-68.svg","width":1403,"height":512,"caption":"VIVAVIS T\u00fcrkiye"},"image":{"@id":"https:\/\/avngart.com\/vivavis\/#\/schema\/logo\/image\/"},"sameAs":["https:\/\/www.facebook.com\/vivavisag","https:\/\/x.com\/VIVAVIS_AG","https:\/\/www.instagram.com\/vivavis_ag\/","https:\/\/tr.linkedin.com\/company\/ids-vivavis?trk=similar-pages"]}]}},"_links":{"self":[{"href":"https:\/\/avngart.com\/vivavis\/wp-json\/wp\/v2\/pages\/203","targetHints":{"allow":["GET"]}}],"collection":[{"href":"https:\/\/avngart.com\/vivavis\/wp-json\/wp\/v2\/pages"}],"about":[{"href":"https:\/\/avngart.com\/vivavis\/wp-json\/wp\/v2\/types\/page"}],"author":[{"embeddable":true,"href":"https:\/\/avngart.com\/vivavis\/wp-json\/wp\/v2\/users\/1"}],"replies":[{"embeddable":true,"href":"https:\/\/avngart.com\/vivavis\/wp-json\/wp\/v2\/comments?post=203"}],"version-history":[{"count":1,"href":"https:\/\/avngart.com\/vivavis\/wp-json\/wp\/v2\/pages\/203\/revisions"}],"predecessor-version":[{"id":2699,"href":"https:\/\/avngart.com\/vivavis\/wp-json\/wp\/v2\/pages\/203\/revisions\/2699"}],"up":[{"embeddable":true,"href":"https:\/\/avngart.com\/vivavis\/wp-json\/wp\/v2\/pages\/58"}],"wp:attachment":[{"href":"https:\/\/avngart.com\/vivavis\/wp-json\/wp\/v2\/media?parent=203"}],"curies":[{"name":"wp","href":"https:\/\/api.w.org\/{rel}","templated":true}]}}