{"id":75,"date":"2022-05-24T00:52:54","date_gmt":"2022-05-23T21:52:54","guid":{"rendered":"https:\/\/avngart.com\/vivavis\/?page_id=75"},"modified":"2022-09-15T22:55:12","modified_gmt":"2022-09-15T19:55:12","slug":"hakkimizda","status":"publish","type":"page","link":"https:\/\/avngart.com\/vivavis\/hakkimizda\/","title":{"rendered":"Hakk\u0131m\u0131zda"},"content":{"rendered":"\n<div class=\"wp-block-columns is-layout-flex wp-container-core-columns-is-layout-9d6595d7 wp-block-columns-is-layout-flex\">\n<div class=\"wp-block-column is-layout-flow wp-block-column-is-layout-flow\" style=\"flex-basis:100%\">\n<div class=\"wp-block-columns block-col-1 is-layout-flex wp-container-core-columns-is-layout-9d6595d7 wp-block-columns-is-layout-flex\">\n<div class=\"wp-block-column is-layout-flow wp-block-column-is-layout-flow\">\n<p class=\"has-text-align-left\"><\/p>\n\n\n\n<p>Biz VIVAVIS AG&#8217; ailesiyiz.  Misyonumuz gelece\u011fin \u015fifrelerini \u00e7\u00f6zmek. .Dijital altyap\u0131lar\u0131n gelece\u011fini \u015fekillendirmede \u00f6nc\u00fcy\u00fcz. VIVAVIS&#8217; te yetkinliklerimizi ve portf\u00f6y\u00fcm\u00fcz\u00fc altyap\u0131 ve altyap\u0131 ile ilgili veri toplama, IoT konular\u0131 etraf\u0131nda bir araya getiriyoruz. Karma\u015f\u0131k s\u00fcre\u00e7leri y\u00f6neten ve bunlar\u0131 sezgisel uygulamalara d\u00f6n\u00fc\u015ft\u00fcren \u00e7\u00f6z\u00fcmler geli\u015ftiriyoruz.<\/p>\n\n\n\n<p>Dijitalle\u015fme ve i\u015f s\u00fcre\u00e7lerinin a\u011f olu\u015fturma zorluklar\u0131yla kar\u015f\u0131 kar\u015f\u0131ya kalan i\u015fletmeler VIVAVIS&#8217; te profesyonel bir \u00e7\u00f6z\u00fcm noktas\u0131 bulacakt\u0131r. Enerji ve belediye sekt\u00f6rlerinin yan\u0131 s\u0131ra end\u00fcstriyel ve bina y\u00f6netiminden 10.000&#8217;den fazla m\u00fc\u015fteri ile, \u015firketler grubumuzun sekt\u00f6rler aras\u0131 bilgi birikimine g\u00fcveniyor ve m\u00fcmk\u00fcn olan en y\u00fcksek katma de\u011ferden yararlan\u0131yor, bu fayday\u0131 m\u00fc\u015fterilerimize sunuyoruz.<\/p>\n\n\n\n<p>&#8220;\u00c7\u00d6Z\u00dcM&#8221; felsefemizin temeli, IoT etkinle\u015ftirici teknolojilerle tamamlad\u0131\u011f\u0131m\u0131z kan\u0131tlanm\u0131\u015f \u00fcr\u00fcnlerimiz, yaz\u0131l\u0131mlar\u0131m\u0131z ve hizmetlerimiz taraf\u0131ndan olu\u015fturulur. Bu \u015fekilde, sistemleri birbirleriyle esnek bir \u015fekilde birle\u015ftirebiliyor ve geli\u015fmi\u015f analitik yard\u0131m\u0131yla veri hazinesinden yeni i\u00e7g\u00f6r\u00fcler elde edebiliyoruz. Bu sayede m\u00fc\u015fterilerimiz i\u00e7in katma de\u011fer \u00fcretilebilir ve yeni i\u015f modelleri olu\u015fturulabilir. VIVAVIS sistemleri en kat\u0131 BT g\u00fcvenlik standartlar\u0131n\u0131 kar\u015f\u0131lar ve ayr\u0131ca bir hizmet ve mobil olarak yaz\u0131l\u0131m olarak da kullan\u0131labilir. VIVAVIS&#8217;te a\u015fa\u011f\u0131daki alanlarda donan\u0131m, yaz\u0131l\u0131m, hizmet ve proje \u00e7\u00f6z\u00fcmleri geli\u015ftiriyoruz:<\/p>\n\n\n\n<p>\u2022 Su<br>\u2022 Elektrik<br>\u2022 Do\u011falgaz ve Petrol<br>\u2022 Ula\u015f\u0131m<br>\u2022 Sanayi<\/p>\n\n\n\n<p>\u00c7\u00f6z\u00fcmlerimize kontrol ve telekontrol teknolojisi, uzaktan saya\u00e7 okuma, ak\u0131ll\u0131 saya\u00e7 ve ak\u0131ll\u0131 \u015febeke uygulamalar\u0131 gibi teknik disiplinlere hizmet veriyoruz. M\u00fc\u015fterilerimiz, y\u00fcksek performansl\u0131 enerji ve y\u00fck y\u00f6netimine ve su temini optimizasyonunda zaman \u00e7izelgesi kontrol\u00fcne kadar tahmin verilerinin edinilmesine g\u00fcveniyor.<\/p>\n<\/div>\n\n\n\n<div class=\"wp-block-column is-layout-flow wp-block-column-is-layout-flow\">\n<figure class=\"wp-block-video\"><video height=\"1080\" style=\"aspect-ratio: 1920 \/ 1080;\" width=\"1920\" autoplay loop src=\"https:\/\/avngart.com\/vivavis\/wp-content\/uploads\/2022\/09\/vivavis_short.mp4\" playsinline><\/video><\/figure>\n\n\n\n<div class=\"wp-block-columns logocol is-layout-flex wp-container-core-columns-is-layout-9d6595d7 wp-block-columns-is-layout-flex\">\n<div class=\"wp-block-column is-layout-flow wp-block-column-is-layout-flow\">\n<figure class=\"wp-block-image size-full mb-0 mt-0\"><a href=\"https:\/\/www.eoda.de\/\" target=\"_blank\" rel=\"noreferrer noopener\"><img loading=\"lazy\" decoding=\"async\" width=\"664\" height=\"303\" src=\"https:\/\/avngart.com\/vivavis\/wp-content\/uploads\/2022\/09\/eoda.png\" alt=\"\" class=\"wp-image-2467\" srcset=\"https:\/\/avngart.com\/vivavis\/wp-content\/uploads\/2022\/09\/eoda.png 664w, https:\/\/avngart.com\/vivavis\/wp-content\/uploads\/2022\/09\/eoda-300x137.png 300w\" sizes=\"auto, (max-width: 664px) 100vw, 664px\" \/><\/a><\/figure>\n<\/div>\n\n\n\n<div class=\"wp-block-column is-layout-flow wp-block-column-is-layout-flow\">\n<figure class=\"wp-block-image size-full mb-0 mt-0\"><a href=\"https:\/\/caigos.de\/\" target=\"_blank\" rel=\"noreferrer noopener\"><img loading=\"lazy\" decoding=\"async\" width=\"664\" height=\"303\" src=\"https:\/\/avngart.com\/vivavis\/wp-content\/uploads\/2022\/09\/caigos_logo.png\" alt=\"\" class=\"wp-image-2468\" srcset=\"https:\/\/avngart.com\/vivavis\/wp-content\/uploads\/2022\/09\/caigos_logo.png 664w, https:\/\/avngart.com\/vivavis\/wp-content\/uploads\/2022\/09\/caigos_logo-300x137.png 300w\" sizes=\"auto, (max-width: 664px) 100vw, 664px\" \/><\/a><\/figure>\n<\/div>\n\n\n\n<div class=\"wp-block-column is-layout-flow wp-block-column-is-layout-flow\">\n<figure class=\"wp-block-image size-full mb-0 mt-0\"><a href=\"https:\/\/www.systema-online.de\/en\/\" target=\"_blank\" rel=\"noreferrer noopener\"><img loading=\"lazy\" decoding=\"async\" width=\"664\" height=\"303\" src=\"https:\/\/avngart.com\/vivavis\/wp-content\/uploads\/2022\/09\/systema.png\" alt=\"\" class=\"wp-image-2469\" srcset=\"https:\/\/avngart.com\/vivavis\/wp-content\/uploads\/2022\/09\/systema.png 664w, https:\/\/avngart.com\/vivavis\/wp-content\/uploads\/2022\/09\/systema-300x137.png 300w\" sizes=\"auto, (max-width: 664px) 100vw, 664px\" \/><\/a><\/figure>\n<\/div>\n<\/div>\n<\/div>\n<\/div>\n<\/div>\n<\/div>\n","protected":false},"excerpt":{"rendered":"<p>Biz VIVAVIS AG&#8217; ailesiyiz. Misyonumuz gelece\u011fin \u015fifrelerini \u00e7\u00f6zmek. .Dijital altyap\u0131lar\u0131n gelece\u011fini \u015fekillendirmede \u00f6nc\u00fcy\u00fcz. VIVAVIS&#8217; te yetkinliklerimizi ve portf\u00f6y\u00fcm\u00fcz\u00fc altyap\u0131 ve altyap\u0131 ile ilgili veri toplama, IoT konular\u0131 etraf\u0131nda bir araya getiriyoruz. Karma\u015f\u0131k s\u00fcre\u00e7leri y\u00f6neten ve bunlar\u0131 sezgisel uygulamalara d\u00f6n\u00fc\u015ft\u00fcren \u00e7\u00f6z\u00fcmler geli\u015ftiriyoruz. Dijitalle\u015fme ve i\u015f s\u00fcre\u00e7lerinin a\u011f olu\u015fturma zorluklar\u0131yla kar\u015f\u0131 kar\u015f\u0131ya kalan i\u015fletmeler VIVAVIS&#8217; te profesyonel<a class=\"read-more\" href=\"https:\/\/avngart.com\/vivavis\/hakkimizda\/\"> [&#8230;]<\/a><\/p>\n","protected":false},"author":1,"featured_media":0,"parent":0,"menu_order":110,"comment_status":"closed","ping_status":"closed","template":"","meta":{"_coblocks_attr":"","_coblocks_dimensions":"","_coblocks_responsive_height":"","_coblocks_accordion_ie_support":"","footnotes":""},"class_list":["post-75","page","type-page","status-publish","hentry"],"yoast_head":"<!-- This site is optimized with the Yoast SEO plugin v27.2 - https:\/\/yoast.com\/product\/yoast-seo-wordpress\/ -->\n<title>Hakk\u0131m\u0131zda - VIVAVIS T\u00fcrkiye<\/title>\n<meta name=\"robots\" content=\"index, follow, max-snippet:-1, max-image-preview:large, max-video-preview:-1\" \/>\n<link rel=\"canonical\" href=\"https:\/\/avngart.com\/vivavis\/hakkimizda\/\" \/>\n<meta property=\"og:locale\" content=\"tr_TR\" \/>\n<meta property=\"og:type\" content=\"article\" \/>\n<meta property=\"og:title\" content=\"Hakk\u0131m\u0131zda - VIVAVIS T\u00fcrkiye\" \/>\n<meta property=\"og:description\" content=\"Biz VIVAVIS AG&#8217; ailesiyiz. Misyonumuz gelece\u011fin \u015fifrelerini \u00e7\u00f6zmek. .Dijital altyap\u0131lar\u0131n gelece\u011fini \u015fekillendirmede \u00f6nc\u00fcy\u00fcz. VIVAVIS&#8217; te yetkinliklerimizi ve portf\u00f6y\u00fcm\u00fcz\u00fc altyap\u0131 ve altyap\u0131 ile ilgili veri toplama, IoT konular\u0131 etraf\u0131nda bir araya getiriyoruz. Karma\u015f\u0131k s\u00fcre\u00e7leri y\u00f6neten ve bunlar\u0131 sezgisel uygulamalara d\u00f6n\u00fc\u015ft\u00fcren \u00e7\u00f6z\u00fcmler geli\u015ftiriyoruz. Dijitalle\u015fme ve i\u015f s\u00fcre\u00e7lerinin a\u011f olu\u015fturma zorluklar\u0131yla kar\u015f\u0131 kar\u015f\u0131ya kalan i\u015fletmeler VIVAVIS&#8217; te profesyonel [...]\" \/>\n<meta property=\"og:url\" content=\"https:\/\/avngart.com\/vivavis\/hakkimizda\/\" \/>\n<meta property=\"og:site_name\" content=\"VIVAVIS T\u00fcrkiye\" \/>\n<meta property=\"article:publisher\" content=\"https:\/\/www.facebook.com\/vivavisag\" \/>\n<meta property=\"article:modified_time\" content=\"2022-09-15T19:55:12+00:00\" \/>\n<meta property=\"og:image\" content=\"https:\/\/avngart.com\/vivavis\/wp-content\/uploads\/2022\/09\/eoda.png\" \/>\n<meta name=\"twitter:card\" content=\"summary_large_image\" \/>\n<meta name=\"twitter:site\" content=\"@VIVAVIS_AG\" \/>\n<meta name=\"twitter:label1\" content=\"Tahmini okuma s\u00fcresi\" \/>\n\t<meta name=\"twitter:data1\" content=\"2 dakika\" \/>\n<script type=\"application\/ld+json\" class=\"yoast-schema-graph\">{\"@context\":\"https:\/\/schema.org\",\"@graph\":[{\"@type\":\"WebPage\",\"@id\":\"https:\/\/avngart.com\/vivavis\/hakkimizda\/\",\"url\":\"https:\/\/avngart.com\/vivavis\/hakkimizda\/\",\"name\":\"Hakk\u0131m\u0131zda - VIVAVIS T\u00fcrkiye\",\"isPartOf\":{\"@id\":\"https:\/\/avngart.com\/vivavis\/#website\"},\"primaryImageOfPage\":{\"@id\":\"https:\/\/avngart.com\/vivavis\/hakkimizda\/#primaryimage\"},\"image\":{\"@id\":\"https:\/\/avngart.com\/vivavis\/hakkimizda\/#primaryimage\"},\"thumbnailUrl\":\"https:\/\/avngart.com\/vivavis\/wp-content\/uploads\/2022\/09\/eoda.png\",\"datePublished\":\"2022-05-23T21:52:54+00:00\",\"dateModified\":\"2022-09-15T19:55:12+00:00\",\"breadcrumb\":{\"@id\":\"https:\/\/avngart.com\/vivavis\/hakkimizda\/#breadcrumb\"},\"inLanguage\":\"tr\",\"potentialAction\":[{\"@type\":\"ReadAction\",\"target\":[\"https:\/\/avngart.com\/vivavis\/hakkimizda\/\"]}]},{\"@type\":\"ImageObject\",\"inLanguage\":\"tr\",\"@id\":\"https:\/\/avngart.com\/vivavis\/hakkimizda\/#primaryimage\",\"url\":\"https:\/\/avngart.com\/vivavis\/wp-content\/uploads\/2022\/09\/eoda.png\",\"contentUrl\":\"https:\/\/avngart.com\/vivavis\/wp-content\/uploads\/2022\/09\/eoda.png\",\"width\":664,\"height\":303},{\"@type\":\"BreadcrumbList\",\"@id\":\"https:\/\/avngart.com\/vivavis\/hakkimizda\/#breadcrumb\",\"itemListElement\":[{\"@type\":\"ListItem\",\"position\":1,\"name\":\"Anasayfa\",\"item\":\"https:\/\/avngart.com\/vivavis\/\"},{\"@type\":\"ListItem\",\"position\":2,\"name\":\"Hakk\u0131m\u0131zda\"}]},{\"@type\":\"WebSite\",\"@id\":\"https:\/\/avngart.com\/vivavis\/#website\",\"url\":\"https:\/\/avngart.com\/vivavis\/\",\"name\":\"VIVAVIS T\u00fcrkiye\",\"description\":\"Decoding the Future\",\"publisher\":{\"@id\":\"https:\/\/avngart.com\/vivavis\/#organization\"},\"potentialAction\":[{\"@type\":\"SearchAction\",\"target\":{\"@type\":\"EntryPoint\",\"urlTemplate\":\"https:\/\/avngart.com\/vivavis\/?s={search_term_string}\"},\"query-input\":{\"@type\":\"PropertyValueSpecification\",\"valueRequired\":true,\"valueName\":\"search_term_string\"}}],\"inLanguage\":\"tr\"},{\"@type\":\"Organization\",\"@id\":\"https:\/\/avngart.com\/vivavis\/#organization\",\"name\":\"VIVAVIS T\u00fcrkiye\",\"url\":\"https:\/\/avngart.com\/vivavis\/\",\"logo\":{\"@type\":\"ImageObject\",\"inLanguage\":\"tr\",\"@id\":\"https:\/\/avngart.com\/vivavis\/#\/schema\/logo\/image\/\",\"url\":\"https:\/\/avngart.com\/vivavis\/wp-content\/uploads\/2023\/08\/ids-68.svg\",\"contentUrl\":\"https:\/\/avngart.com\/vivavis\/wp-content\/uploads\/2023\/08\/ids-68.svg\",\"width\":1403,\"height\":512,\"caption\":\"VIVAVIS T\u00fcrkiye\"},\"image\":{\"@id\":\"https:\/\/avngart.com\/vivavis\/#\/schema\/logo\/image\/\"},\"sameAs\":[\"https:\/\/www.facebook.com\/vivavisag\",\"https:\/\/x.com\/VIVAVIS_AG\",\"https:\/\/www.instagram.com\/vivavis_ag\/\",\"https:\/\/tr.linkedin.com\/company\/ids-vivavis?trk=similar-pages\"]}]}<\/script>\n<!-- \/ Yoast SEO plugin. -->","yoast_head_json":{"title":"Hakk\u0131m\u0131zda - VIVAVIS T\u00fcrkiye","robots":{"index":"index","follow":"follow","max-snippet":"max-snippet:-1","max-image-preview":"max-image-preview:large","max-video-preview":"max-video-preview:-1"},"canonical":"https:\/\/avngart.com\/vivavis\/hakkimizda\/","og_locale":"tr_TR","og_type":"article","og_title":"Hakk\u0131m\u0131zda - VIVAVIS T\u00fcrkiye","og_description":"Biz VIVAVIS AG&#8217; ailesiyiz. Misyonumuz gelece\u011fin \u015fifrelerini \u00e7\u00f6zmek. .Dijital altyap\u0131lar\u0131n gelece\u011fini \u015fekillendirmede \u00f6nc\u00fcy\u00fcz. VIVAVIS&#8217; te yetkinliklerimizi ve portf\u00f6y\u00fcm\u00fcz\u00fc altyap\u0131 ve altyap\u0131 ile ilgili veri toplama, IoT konular\u0131 etraf\u0131nda bir araya getiriyoruz. Karma\u015f\u0131k s\u00fcre\u00e7leri y\u00f6neten ve bunlar\u0131 sezgisel uygulamalara d\u00f6n\u00fc\u015ft\u00fcren \u00e7\u00f6z\u00fcmler geli\u015ftiriyoruz. Dijitalle\u015fme ve i\u015f s\u00fcre\u00e7lerinin a\u011f olu\u015fturma zorluklar\u0131yla kar\u015f\u0131 kar\u015f\u0131ya kalan i\u015fletmeler VIVAVIS&#8217; te profesyonel [...]","og_url":"https:\/\/avngart.com\/vivavis\/hakkimizda\/","og_site_name":"VIVAVIS T\u00fcrkiye","article_publisher":"https:\/\/www.facebook.com\/vivavisag","article_modified_time":"2022-09-15T19:55:12+00:00","og_image":[{"url":"https:\/\/avngart.com\/vivavis\/wp-content\/uploads\/2022\/09\/eoda.png","type":"","width":"","height":""}],"twitter_card":"summary_large_image","twitter_site":"@VIVAVIS_AG","twitter_misc":{"Tahmini okuma s\u00fcresi":"2 dakika"},"schema":{"@context":"https:\/\/schema.org","@graph":[{"@type":"WebPage","@id":"https:\/\/avngart.com\/vivavis\/hakkimizda\/","url":"https:\/\/avngart.com\/vivavis\/hakkimizda\/","name":"Hakk\u0131m\u0131zda - VIVAVIS T\u00fcrkiye","isPartOf":{"@id":"https:\/\/avngart.com\/vivavis\/#website"},"primaryImageOfPage":{"@id":"https:\/\/avngart.com\/vivavis\/hakkimizda\/#primaryimage"},"image":{"@id":"https:\/\/avngart.com\/vivavis\/hakkimizda\/#primaryimage"},"thumbnailUrl":"https:\/\/avngart.com\/vivavis\/wp-content\/uploads\/2022\/09\/eoda.png","datePublished":"2022-05-23T21:52:54+00:00","dateModified":"2022-09-15T19:55:12+00:00","breadcrumb":{"@id":"https:\/\/avngart.com\/vivavis\/hakkimizda\/#breadcrumb"},"inLanguage":"tr","potentialAction":[{"@type":"ReadAction","target":["https:\/\/avngart.com\/vivavis\/hakkimizda\/"]}]},{"@type":"ImageObject","inLanguage":"tr","@id":"https:\/\/avngart.com\/vivavis\/hakkimizda\/#primaryimage","url":"https:\/\/avngart.com\/vivavis\/wp-content\/uploads\/2022\/09\/eoda.png","contentUrl":"https:\/\/avngart.com\/vivavis\/wp-content\/uploads\/2022\/09\/eoda.png","width":664,"height":303},{"@type":"BreadcrumbList","@id":"https:\/\/avngart.com\/vivavis\/hakkimizda\/#breadcrumb","itemListElement":[{"@type":"ListItem","position":1,"name":"Anasayfa","item":"https:\/\/avngart.com\/vivavis\/"},{"@type":"ListItem","position":2,"name":"Hakk\u0131m\u0131zda"}]},{"@type":"WebSite","@id":"https:\/\/avngart.com\/vivavis\/#website","url":"https:\/\/avngart.com\/vivavis\/","name":"VIVAVIS T\u00fcrkiye","description":"Decoding the Future","publisher":{"@id":"https:\/\/avngart.com\/vivavis\/#organization"},"potentialAction":[{"@type":"SearchAction","target":{"@type":"EntryPoint","urlTemplate":"https:\/\/avngart.com\/vivavis\/?s={search_term_string}"},"query-input":{"@type":"PropertyValueSpecification","valueRequired":true,"valueName":"search_term_string"}}],"inLanguage":"tr"},{"@type":"Organization","@id":"https:\/\/avngart.com\/vivavis\/#organization","name":"VIVAVIS T\u00fcrkiye","url":"https:\/\/avngart.com\/vivavis\/","logo":{"@type":"ImageObject","inLanguage":"tr","@id":"https:\/\/avngart.com\/vivavis\/#\/schema\/logo\/image\/","url":"https:\/\/avngart.com\/vivavis\/wp-content\/uploads\/2023\/08\/ids-68.svg","contentUrl":"https:\/\/avngart.com\/vivavis\/wp-content\/uploads\/2023\/08\/ids-68.svg","width":1403,"height":512,"caption":"VIVAVIS T\u00fcrkiye"},"image":{"@id":"https:\/\/avngart.com\/vivavis\/#\/schema\/logo\/image\/"},"sameAs":["https:\/\/www.facebook.com\/vivavisag","https:\/\/x.com\/VIVAVIS_AG","https:\/\/www.instagram.com\/vivavis_ag\/","https:\/\/tr.linkedin.com\/company\/ids-vivavis?trk=similar-pages"]}]}},"_links":{"self":[{"href":"https:\/\/avngart.com\/vivavis\/wp-json\/wp\/v2\/pages\/75","targetHints":{"allow":["GET"]}}],"collection":[{"href":"https:\/\/avngart.com\/vivavis\/wp-json\/wp\/v2\/pages"}],"about":[{"href":"https:\/\/avngart.com\/vivavis\/wp-json\/wp\/v2\/types\/page"}],"author":[{"embeddable":true,"href":"https:\/\/avngart.com\/vivavis\/wp-json\/wp\/v2\/users\/1"}],"replies":[{"embeddable":true,"href":"https:\/\/avngart.com\/vivavis\/wp-json\/wp\/v2\/comments?post=75"}],"version-history":[{"count":3,"href":"https:\/\/avngart.com\/vivavis\/wp-json\/wp\/v2\/pages\/75\/revisions"}],"predecessor-version":[{"id":2480,"href":"https:\/\/avngart.com\/vivavis\/wp-json\/wp\/v2\/pages\/75\/revisions\/2480"}],"wp:attachment":[{"href":"https:\/\/avngart.com\/vivavis\/wp-json\/wp\/v2\/media?parent=75"}],"curies":[{"name":"wp","href":"https:\/\/api.w.org\/{rel}","templated":true}]}}